{"id":1009,"date":"2016-08-08T18:17:29","date_gmt":"2016-08-08T16:17:29","guid":{"rendered":"http:\/\/coopcec.be\/wcec\/?page_id=1009"},"modified":"2021-02-04T22:11:07","modified_gmt":"2021-02-04T21:11:07","slug":"cociter","status":"publish","type":"page","link":"https:\/\/coopcec.be\/wcec\/cociter\/","title":{"rendered":"Cociter"},"content":{"rendered":"<h1><strong>Le Comptoir citoyen des \u00c9nergies<\/strong> : COCITER<\/h1>\n<h2><span style=\"color: #99cc00;\"><strong>Condroz \u00c9nergies Citoyennes vous propose de l&rsquo;\u00e9lectricit\u00e9 100% verte et 100% citoyenne !<\/strong><\/span><\/h2>\n<p><strong>Cociter<\/strong>, le Comptoir Citoyen des Energies est un fournisseur d&rsquo;\u00e9lectricit\u00e9, agr\u00e9\u00e9 en r\u00e9gion wallonne.\u00a0Cr\u00e9\u00e9 par des coop\u00e9ratives citoyennes d&rsquo;\u00e9nergie renouvelable, dont <strong>CEC<\/strong>, la coop\u00e9rative Cociter fournit de l&rsquo;\u00e9lectricit\u00e9 produite localement et durablement par les coop\u00e9ratives membres. C\u2019est le circuit court de l\u2019\u00e9nergie !<\/p>\n<p>Vous pouvez d\u00e8s \u00e0 pr\u00e9sent vous fournir en \u00e9lectricit\u00e9 100% verte et citoyenne chez Cociter. Cependant, en tant que coop\u00e9rateur de CEC, <em>vous b\u00e9n\u00e9ficierez d&rsquo;une r\u00e9duction sur votre facture annuelle<\/em>.<\/p>\n<p>Le Comptoir citoyen a \u00e9t\u00e9 cr\u00e9\u00e9 pour vendre l\u2019\u00e9lectricit\u00e9 100% verte produite localement par les coop\u00e9ratives citoyennes, mais aussi et surtout pour permettre aux citoyens de se fournir en \u00e9lectricit\u00e9 r\u00e9ellement verte aupr\u00e8s d\u2019une structure g\u00e9r\u00e9e par des citoyens et pour les citoyens.\u00a0 Les professions lib\u00e9rales, les ind\u00e9pendants ou les tr\u00e8s petites entreprises sont \u00e9galement les bienvenus !<\/p>\n<p>COCITER a obtenu 20\/20 <a href=\"https:\/\/monelectriciteverte.be\/#ranking\">au dernier classement des fournisseurs d\u2019\u00e9nergie de Greenpeace<\/a><\/p>\n<p><a href=\"http:\/\/www.cociter.be\" target=\"_blank\" rel=\"noopener noreferrer\">COCITER<\/a> n\u2019a pas de but sp\u00e9culatif. Les tarifs qui sont pratiqu\u00e9s permettent de supporter les co\u00fbts administratifs,\u00a0 informatiques,\u00a0 de personnel et d\u2019acqu\u00e9rir\u00a0 aupr\u00e8s des coop\u00e9ratives productrices l\u2019\u00e9lectricit\u00e9 \u00e0 fournir et les certificats verts \u00e0 restituer. Gr\u00e2ce \u00e0 cette politique mod\u00e9r\u00e9e, <a href=\"http:\/\/www.cociter.be\" target=\"_blank\" rel=\"noopener noreferrer\">COCITER<\/a> esp\u00e8re proposer des tarifs d\u2019\u00e9lectricit\u00e9 verte comp\u00e9titifs pour les coop\u00e9rateurs des coop\u00e9ratives associ\u00e9es \u00e0 <a href=\"http:\/\/www.cociter.be\" target=\"_blank\" rel=\"noopener noreferrer\">COCITER<\/a> qui b\u00e9n\u00e9ficieront d\u2019une ristourne.<\/p>\n<p>Tout citoyen peut donc profiter d\u2019une ristourne en souscrivant des parts dans Condroz Energies Citoyennes (une part de 250 \u20ac suffit). <a href=\"http:\/\/www.cociter.be\" target=\"_blank\" rel=\"noopener noreferrer\">COCITER<\/a> propose \u00e0 ses clients un prix transparent, honn\u00eate et stable (pas de \u00ab promotion \u00bb temporaire et applicable sur une partie de la dur\u00e9e du contrat). <a href=\"http:\/\/www.cociter.be\" target=\"_blank\" rel=\"noopener noreferrer\">COCITER<\/a> informera r\u00e9guli\u00e8rement ses clients sur les \u00e9volutions du march\u00e9 de l\u2019\u00e9lectricit\u00e9.<\/p>\n<p>Renseignez-vous sur <a href=\"http:\/\/www.cociter.be\">www.cociter.be<\/a> et demandez une offre de prix personnalis\u00e9e. Changer de fournisseur est facile et sans frais : <a href=\"http:\/\/www.cociter.be\" target=\"_blank\" rel=\"noopener noreferrer\">COCITER<\/a> s\u2019occupera de toutes les d\u00e9marches ! Condroz \u00c9nergies Citoyennes vous renseigne et vous aide volontiers \u00e0 faire votre demande. Contactez Fran\u00e7oise D&rsquo;Arripe GSM 0497591229 ou\u00a0 <a href=\"mailto:info@coopcec.be\">info@coopcec.be<\/a> .<\/p>\n","protected":false},"excerpt":{"rendered":"<p>Le Comptoir citoyen des \u00c9nergies : COCITER Condroz \u00c9nergies Citoyennes vous propose de l&rsquo;\u00e9lectricit\u00e9 100% verte et 100% citoyenne ! Cociter, le Comptoir Citoyen des Energies est un fournisseur d&rsquo;\u00e9lectricit\u00e9, <a class=\"more-link\" href=\"https:\/\/coopcec.be\/wcec\/cociter\/\">Continuer la lecture \u2192<\/a><\/p>\n","protected":false},"author":3,"featured_media":1023,"parent":0,"menu_order":0,"comment_status":"closed","ping_status":"closed","template":"","meta":{"footnotes":""},"class_list":["post-1009","page","type-page","status-publish","has-post-thumbnail","hentry"],"aioseo_notices":[],"_links":{"self":[{"href":"https:\/\/coopcec.be\/wcec\/wp-json\/wp\/v2\/pages\/1009","targetHints":{"allow":["GET"]}}],"collection":[{"href":"https:\/\/coopcec.be\/wcec\/wp-json\/wp\/v2\/pages"}],"about":[{"href":"https:\/\/coopcec.be\/wcec\/wp-json\/wp\/v2\/types\/page"}],"author":[{"embeddable":true,"href":"https:\/\/coopcec.be\/wcec\/wp-json\/wp\/v2\/users\/3"}],"replies":[{"embeddable":true,"href":"https:\/\/coopcec.be\/wcec\/wp-json\/wp\/v2\/comments?post=1009"}],"version-history":[{"count":10,"href":"https:\/\/coopcec.be\/wcec\/wp-json\/wp\/v2\/pages\/1009\/revisions"}],"predecessor-version":[{"id":2021,"href":"https:\/\/coopcec.be\/wcec\/wp-json\/wp\/v2\/pages\/1009\/revisions\/2021"}],"wp:featuredmedia":[{"embeddable":true,"href":"https:\/\/coopcec.be\/wcec\/wp-json\/wp\/v2\/media\/1023"}],"wp:attachment":[{"href":"https:\/\/coopcec.be\/wcec\/wp-json\/wp\/v2\/media?parent=1009"}],"curies":[{"name":"wp","href":"https:\/\/api.w.org\/{rel}","templated":true}]}}